What is the tens digit of (-9 + -433)*-48 + -6?
1
Suppose -3*h = -4*q - 1, -4*q - 1 = -9. Suppose 1828 = o + h*o - 2*y, 4*y = 2*o - 902. What is the tens digit of o?
5
Suppose -12 = -8*l + 4*l. Suppose 778 = 2*x + l*j + 59, -1453 = -4*x - 3*j. What is the tens digit of x?
6
Let v be 23/(2/(-6)*(-4 + 7)). Let m = -23 - v. Suppose 5*a - 15 = 0, m = -s + 3*a - 0*a + 43. What is the tens digit of s?
5
What is the tens digit of ((-10)/(-4))/(173/632834)?
4
Let q(v) be the third derivative of v**6/120 + 17*v**5/60 + 5*v**4/12 + 2*v**3/3 - 7*v**2. What is the units digit of q(-12)?
4
Let v = -107 - -127. Suppose -r = -6*r + v. What is the units digit of 314/r - 24/(-48)?
9
Suppose -3*q + 4*z - 25 = -4*q, 5*q - 5*z = 0. Let t(f) = 2*f**2 - 7*f + 41. What is the tens digit of t(q)?
5
Let d(b) = -6*b - 29. Let y(k) = -54 + 25 - 10*k + 26 - 4*k. Let s be y(1). What is the units digit of d(s)?
3
Let v(z) = -z**3 - 7*z**2 + 19*z + 9. Let a be v(-9). Let t(f) = 11*f + 72. What is the units digit of t(a)?
2
Let j(m) = 4*m + 31. Suppose -40 = 11*g - 6*g. Let r be j(g). Let h(z) = -110*z + 2. What is the units digit of h(r)?
2
Let o = -7763 - -8643. What is the units digit of o?
0
Suppose -2*u - 2737 + 396 = -5*o, -943 = -2*o + 3*u. Let t = 142 + o. What is the tens digit of t?
0
Let p(o) = -o**3 - 11*o**2 - 12*o + 10. Let s be p(-10). Let c be (-6)/15 - (-21312)/s. Suppose 7*k - c = 2*k + m, 5*k = 5*m + 690. What is the tens digit of k?
4
Suppose 0 = x + 3*l - 3277 - 9167, -x - l = -12450. What is the tens digit of x?
5
Suppose 4*q - 3172 = -6*o, -4*q + 238 = -4*o + 2346. Let z be 4/14 + 4/(-14). Suppose z = 24*h - 20*h - o. What is the hundreds digit of h?
1
Suppose -3*c = 14*p - 17*p + 5886, 2*p + 4*c - 3912 = 0. What is the units digit of p?
0
Suppose x - 4*x = -186. Let z = x - -124. Suppose 0 = -10*u + 4*u + z. What is the units digit of u?
1
What is the units digit of ((-9)/27*-10076)/(-3 + 33/9)?
8
Let c(w) = 4800*w + 4180. What is the thousands digit of c(9)?
7
Suppose 118674 = -1454*f + 1473*f. What is the tens digit of f?
4
Let p = -73 - -250. Let b be ((-112)/(-32))/((-7)/(-4)). Suppose 0 = -3*z + b*w + 102, 0*z = -5*z + w + p. What is the units digit of z?
6
Let f = 6771 + 9938. What is the units digit of f?
9
Let p = 3455 - -14989. What is the hundreds digit of p?
4
Let x = -2856 - -10523. What is the units digit of x?
7
Let k be 18/(-27) + (-8)/(-3). Suppose -5*w + 4*n = -1076, -2*w - 231 = k*n - 665. What is the hundreds digit of w?
2
What is the ten thousands digit of 146594/9 + (-30)/135?
1
Let d = -4192 + 11719. What is the tens digit of d?
2
What is the tens digit of 5479 + -2 - 145/29?
7
Suppose 4*n = l - 12798, -1395*n + 1397*n - 64078 = -5*l. What is the thousands digit of l?
2
Suppose 0 = 2*k + 5*q + 317, -3*k - 135 = 5*q + 348. Let c = k - -496. What is the tens digit of c?
3
Suppose 0 = -92*u + 202069 + 1050787. What is the thousands digit of u?
3
Suppose 3*x = 2*g + 6115, -4*x + 2*g + 3044 = -5108. Suppose 0 = -12*d + 5*d + x. What is the hundreds digit of d?
2
Let f be 4/7 - 336/(-98). Let y be f/6*7/(-14)*3. Let b(p) = -10*p + 4. What is the units digit of b(y)?
4
Let p = 174 - 168. What is the units digit of (7920/p)/4 + -2?
8
Let q(z) = -z**3 + 32*z**2 + 35*z - 133. What is the units digit of q(17)?
7
Let t = 51277 - 30469. What is the ten thousands digit of t?
2
Suppose -88*u + 89*u - 24210 = -n, -n = 3. What is the thousands digit of u?
4
Let l = 83 - 86. Let v(z) = 27*z**2 - 6*z + 11. What is the tens digit of v(l)?
7
Let l be ((-6)/(-10))/(39/130). Suppose -12 = 4*g, -4*g = -l*p - 9*g + 1325. What is the units digit of p?
0
Let z be (12 - 24)*(-1)/3. What is the units digit of 4761/12 - ((-13)/z - -3)?
7
What is the hundreds digit of ((-656)/(-48) - 14) + 105816/9?
7
Let k(r) = 857*r**2 + 17*r - 29. What is the units digit of k(2)?
3
Let c = -639 + 646. Let w = -15 + 1. What is the hundreds digit of (-1964)/w + (-2)/c?
1
Let p(r) = -510*r + 651. What is the units digit of p(-13)?
1
Let g = 1630 + -818. Let b = -235 + g. What is the tens digit of b?
7
Let m = 18471 + -6147. What is the units digit of m?
4
Let u(f) be the first derivative of -3*f**2 + 39*f + 49. What is the units digit of u(-26)?
5
Suppose 2*d + 8 = 0, 21*z - 23*z = 5*d + 12. Suppose 0 = j - z*r - 120, -4*r + 173 + 355 = 5*j. What is the units digit of j?
8
What is the tens digit of 4*(-10)/(-24) - (-73835)/15?
2
Let v(t) = -4*t + 58. Let x be v(-3). Let f(n) = -n**3 - 7*n**2 - 7*n - 4. Let l be f(-6). Suppose 3*s + x = 3*o - 29, -l*s = -8. What is the units digit of o?
7
Let l(b) = -3*b**3 + 12*b**2 - 27*b - 72. Let p(z) = z**3 + z**2 + z - 1. Let g(i) = l(i) + 4*p(i). What is the tens digit of g(-12)?
7
Let s = -752 + 756. Suppose -4*g + 504 = 5*t, -s*t + 2*g + 404 = 6*g. What is the hundreds digit of t?
1
Let g(p) = -147*p - 20. Let s(c) = 440*c + 60. Let v(o) = 17*g(o) + 6*s(o). What is the tens digit of v(2)?
0
Let d be (138/(-6))/((-7 - (-197)/18) + -4). Suppose -1883 = -3*g - a, -6*a = -a - 25. Let h = g - d. What is the hundreds digit of h?
2
Let c be (2 + -2 - 1) + -929. Let o = -612 - c. What is the tens digit of o?
1
Let w = -3310 - -8495. What is the tens digit of w?
8
Suppose -47 = 14*t - 187. Suppose 3*j = -n + 159, 0*j = 2*j - t. What is the units digit of n?
4
Let u be (9/(-6) - -1)*(2 + -118). Let l = u + -57. What is the hundreds digit of (4 + 113 - l) + 0?
1
Suppose -o - 3*h = -6*o + 3055, -4*h - 1208 = -2*o. What is the tens digit of o/(-5)*(-60)/(26 + -14)?
1
What is the tens digit of ((-2)/6)/((-127)/18 + 7) - -5471?
7
Suppose -2*u - u = -3*p - 42, 14 = u - 4*p. Let j = -16 + u. What is the units digit of j/(-1)*((-22)/(-4) - -1)?
3
What is the thousands digit of (-8)/(128/112) - (-9062)/2?
4
Suppose 27*g - 31*g - 20 = 0. What is the units digit of 230/25 + -2 + 1/g?
7
Let i = 15172 + -10082. What is the hundreds digit of i?
0
Suppose 3*r + 504 = -r. Let u = 199 + r. Let c = u + 4. What is the tens digit of c?
7
Let v be ((-12)/(-10))/((-11904)/11910 + 1). Let c = -671 + v. What is the tens digit of c?
1
Suppose -16*z + 5882 = -14422. What is the thousands digit of z?
1
Suppose -157056 = -39*w - 15*w - 43332. What is the hundreds digit of w?
1
Let v(w) = w**2 - 7*w + 0*w**3 - 11 - 2*w**2 - w**3 + 16*w. What is the units digit of v(-5)?
4
What is the tens digit of (-9)/((-108)/666789) - (-81)/(-108)?
6
Let p(s) = -s + 3. Suppose -4 = 3*x + 5. Let j be p(x). Suppose -5*h + 141 = j. What is the tens digit of h?
2
Let z = -73 + 36. Let w = -35 - z. What is the tens digit of -1 - 1/(1/(-74)*w)?
3
Suppose -27 = 8*q - 67. What is the thousands digit of q - 7/((-42)/7152)?
1
Suppose y = n - 3*n + 1385, n = -3*y + 4130. Let u = y + -626. Suppose -4*r + u = -5*l, -2*r + 2*l + 734 = 2*r. What is the tens digit of r?
8
Let f be 54/(-9) + 1*3. Let k be (2 - (-10)/f)*(4 + -1). What is the units digit of 2*(14/4 + k + 99)?
7
Let g(p) = -p**2 - 165*p + 1701. What is the tens digit of g(-90)?
5
Let m be (66/8)/3 - 49/(-196). Suppose -m*t + 160 = 4*v, v = 6*v + 10. What is the tens digit of t?
5
Let s(a) = 120*a + 2578. What is the hundreds digit of s(62)?
0
Let u(g) = -3*g - 3. Suppose 0 = 5*x - 5. Let m be u(x). Let y = m - -86. What is the units digit of y?
0
Let a = 32705 + -15552. What is the tens digit of a?
5
Let u = -4075 - -5707. Suppose -448*a + u = -446*a. What is the hundreds digit of a?
8
Let z(u) = 16*u + 12. Let t = 60 + -54. Suppose 0 = -3*y + 5*p - t, 2*y - 6 = -p + 3. What is the tens digit of z(y)?
6
Let c = 25021 - 14008. What is the tens digit of c?
1
Suppose 0 = -14*l - 20702 + 133234. What is the units digit of l?
8
Suppose -230 + 344 = 2*h. Suppose 58*m - h*m - 506 = 0. What is the hundreds digit of m?
5
Let b(m) = m**3 - 16*m**2 + 4*m + 65. Let a be b(18). Let x = -296 + a. What is the units digit of x?
9
Let p(r) = 8*r**2 + 14*r - 10. Let i be p(20). Suppose -33*c = -35*c + i. Suppose -15*g + c = -1145. What is the tens digit of g?
9
Let c(q) = 63788*q + 20. What is the units digit of c(1)?
8
Let s = -3673 + 6347. Let t = -1414 + s. What is the thousands digit of t?
1
Suppose 100*q = -101*q + 314163. What is the tens digit of q?
6
Let f(l) = 9*l**2 - 35*l - 41. Let k(n) = 5*n**2 - 18*n - 20. Let d = -32 + 27. Let z(u) = d*k(u)